24 = -8*q + 676. What are the prime factors of q?
5, 7
Suppose -2*g - 28 = -6*g. Let w = g + -6. Let b(z) = 10*z. What are the prime factors of b(w)?
2, 5
Let s = -14 - -41. What are the prime factors of s?
3
Suppose 9 = 3*d - 0*d. Suppose -u - 2*o = -d*o - 16, -2*u - 4*o + 26 = 0. What are the prime factors of u?
3, 5
Suppose -2*d = 2*w - 572, d - 4*w - 286 = -0*w. List the prime factors of d.
2, 11, 13
Let f = 8 + -3. Let a = 9 - f. Suppose 22 = 5*w + d, -a*d + d + 10 = w. What are the prime factors of w?
2
What are the prime factors of 3 - ((-20)/2 + -2)?
3, 5
Let m(b) = 26*b**2 - b + 1. List the prime factors of m(1).
2, 13
Suppose 5*o = -15, 3*m - 2*o - o = 24. Suppose m*v = 2*v + 45. What are the prime factors of v?
3, 5
Let p(l) = -l**3 - 11*l**2 + 9*l - 3. List the prime factors of p(-13).
2, 109
Suppose 2*t - 4*z = t + 16, 5*t = -5*z + 5. Suppose 8*l - t*l = 20. What are the prime factors of l?
5
Let v = 92 + -84. What are the prime factors of v?
2
Suppose 6 = -5*d + 3*d. Let l(z) = -z**2 - 3*z + 3. Let v be l(d). Suppose -i = 1, -v*i = 2*p - 3*p + 7. List the prime factors of p.
2
Let v(y) = y**3 + 4*y**2 - 10*y - 9. List the prime factors of v(-5).
2
Let v(m) = -m**2 + 10*m - 12. Let q(l) = 2*l + 4. Let o be q(2). What are the prime factors of v(o)?
2
Suppose -4*w - 17 + 7 = t, -2*w + 4*t = -4. Let b = w - -11. List the prime factors of b.
3
Suppose 5 = -o - 8. Let q = o + 28. What are the prime factors of q?
3, 5
Let z(r) = -r - 7. Let f be z(-5). Let p = 0 - f. What are the prime factors of -8*(-1)/(p/2)?
2
Suppose 5*f - 4*o - 117 = 3, 0 = -f + 2*o + 30. Suppose f = 2*y - 26. What are the prime factors of y?
23
Let n = -12 + 62. What are the prime factors of n?
2, 5
Let v(b) = 6*b - 10. Let t(f) = 2*f**2 + 4*f + 4. Let z be t(-2). List the prime factors of v(z).
2, 7
Let b(m) = 6*m - 13. List the prime factors of b(9).
41
Let r(j) be the first derivative of -6*j**2 - 7*j - 3. Let c be r(6). List the prime factors of c/(-9) - (-4)/18.
3
Suppose 5*b - 6*z - 50 = -11*z, -b + 2*z - 5 = 0. Suppose b*h - 45 = 65. Suppose -3*r = -r - h. What are the prime factors of r?
11
Let i(d) = -11*d + 7*d**2 - 6 - 11*d**2 + 3*d**2. What are the prime factors of i(-8)?
2, 3
Suppose 0 = -3*l + 3, 4*u - l - 4*l - 23 = 0. What are the prime factors of u?
7
Let l(z) = 55*z + 42. List the prime factors of l(3).
3, 23
Let l(g) be the second derivative of g**4/6 + 5*g**3/6 + 2*g. What are the prime factors of l(-4)?
2, 3
Suppose 0 = 3*m + 2*m - 10. Suppose m*a - 4*h - 35 + 13 = 0, -a - 3*h = -31. What are the prime factors of a?
19
Let r = -110 + 160. Suppose 5*h - r = 55. List the prime factors of h.
3, 7
Let q = 62 + -37. What are the prime factors of q?
5
Let l(h) = -3*h - 10. Let g be l(-5). Let k be ((-8)/6)/(4/(-6)). What are the prime factors of (-140)/(-25) + k/g?
2, 3
Suppose -4*m + 2*l + 260 = 4*l, -4*l = -5*m + 312. Suppose 6*q - m = 2*q. Suppose 2*c + i + i = 8, 4*c + 5*i - q = 0. What are the prime factors of c?
2
Suppose o + 2*r + r - 8 = 0, 3*r - 23 = -4*o. Suppose 4*z = -29 + o. List the prime factors of 2/((-15)/z + -2).
2
Suppose 4*u + 13 = 3*j - 41, 54 = 3*j - 2*u. Let v = -7 + 9. Suppose 3*i - 41 = -v*n, 0*i - i = n - j. What are the prime factors of n?
13
Suppose 259 = 5*v - 31. What are the prime factors of v?
2, 29
Let v = -2 + 9. Let m(k) be the second derivative of -k**4/12 + 7*k**3/6 + k**2 - k. What are the prime factors of m(v)?
2
Suppose 5*s - 6 = 2*s. Suppose -s*b + 36 - 8 = 0. List the prime factors of b.
2, 7
Let b = -52 + 81. Let q(j) = j**2 - 10*j + 6. Let s be q(4). Let l = s + b. What are the prime factors of l?
11
Let t = -16 + 19. Suppose 4*y - 24 = -0*o - 4*o, -y + 6 = -t*o. List the prime factors of y.
2, 3
Let g(w) = -4*w + 3 + 1 - 5*w + 2*w. List the prime factors of g(-3).
5
Suppose 0 = -h + 3. Let c be -3*(-1)/h*2. List the prime factors of 4/(-3)*(-18)/c.
2, 3
Let f = 29 - 18. List the prime factors of f.
11
Suppose -l - 3*v = v - 180, 4*v = 5*l - 924. What are the prime factors of l?
2, 23
Let k(m) = -m**3 + 6*m**2 + 6*m + 2. List the prime factors of k(5).
3, 19
Suppose -3*u + 45 + 99 = 0. List the prime factors of u.
2, 3
List the prime factors of 12/9*363/2 + 4.
2, 3, 41
List the prime factors of (2/(-4))/(-3*3/2178).
11
Let n = -10 - -18. List the prime factors of (-4)/n + (-41)/(-2).
2, 5
Let a(m) = m**2 - m. Let g be a(2). List the prime factors of (g + 0 + 2)*1.
2
Let s(x) = -4*x + 45. List the prime factors of s(-15).
3, 5, 7
Let g(u) = 10*u**3 - 2*u**2 + 2*u - 1. What are the prime factors of g(2)?
3, 5
Let q be (20/(-8) - -2)*-6. Suppose -4*x = -5*x + q*t + 37, -x - 4*t = -23. List the prime factors of x.
31
Let t(c) = -c. Let p be t(-6). Let u = p + -4. List the prime factors of u.
2
Let t be ((-1)/3)/((-3)/198). Let b = 36 - t. List the prime factors of b.
2, 7
List the prime factors of 2*((-68)/(-24) + -3)*-507.
13
Suppose -4*m - 156 = 2*f + f, 3*f - 2*m = -138. What are the prime factors of (-8 + 3)*f/10?
2, 3
Let q = -3 + 3. Suppose q = -3*l - 4*f + 99, 47 - 15 = l + f. What are the prime factors of l?
29
Let v = 551 + -327. What are the prime factors of v?
2, 7
Let v = -2 - -4. Suppose -v*z = -4*z. Suppose o - 1 - 5 = z. What are the prime factors of o?
2, 3
Suppose 0 = 5*x - 8*x - 42. Suppose z + 3*z = -488. List the prime factors of (-2)/(-7) + z/x.
3
Let f(w) = w**3 - 3*w**2 - 2. Let y = 5 - 1. What are the prime factors of f(y)?
2, 7
List the prime factors of (4/8 - 0)*-79*-2.
79
Suppose -3*c = p - 29, 2*c = -p + 5*c + 5. Suppose 2*h - h = p. List the prime factors of h.
17
Let j(n) = -n**3 + 3. Let g be j(0). Suppose d - g*d = -10. Let z(r) = -r**3 + 4*r**2 + 6*r + 1. List the prime factors of z(d).
2, 3
Let x = 4 + -1. Suppose 2*a - v + 28 + 24 = 0, 2*a - x*v + 44 = 0. Let m = a + 42. List the prime factors of m.
2, 7
Suppose -40 = -3*j - 5*y, -j = 2*j - y - 10. Suppose -j*q + 14 + 11 = 0. List the prime factors of q.
5
Let i(b) = -b**3 - 6*b**2 - 2*b + 3. Let v be i(-6). Suppose z = -z - 4*l + 22, -3*l = -z + 6. Let r = v - z. List the prime factors of r.
2, 3
Let l = -48 - -84. What are the prime factors of l?
2, 3
Let f(d) = -3*d - 4. What are the prime factors of f(-7)?
17
Let r(o) = -o**3 + 10*o**2 - 7*o - 13. List the prime factors of r(9).
5
Suppose -5*a = -0*a. Suppose a = c + 3*c - 60. List the prime factors of c.
3, 5
Let x(w) = w**3 - 12*w**2 + 3*w + 4. What are the prime factors of x(12)?
2, 5
Let c = 113 + -102. List the prime factors of c.
11
Suppose 4*g = 4*o + 48, -o + 28 = 3*g - 0*g. Let r(l) = l**2 - 7*l - 12. What are the prime factors of r(g)?
2, 3
Suppose 3*l - 95 - 56 = -5*d, 4*l - 20 = -d. List the prime factors of d.
2
Suppose -31*u + 105 = -26*u. Suppose 2 - 32 = -3*x. Let w = u - x. List the prime factors of w.
11
Let q = 63 - 36. Suppose -2 = -t + q. What are the prime factors of t?
29
Let k(a) = -a**3 + 2*a**2 + a - 2. Let z be k(2). Let j = 9 - z. Let b = j + 5. What are the prime factors of b?
2, 7
Suppose -7*u - 2*v = -3*u - 336, 3*u - 247 = -4*v. List the prime factors of u.
5, 17
Let t(g) = -7*g**3 + g**2 - 1. List the prime factors of t(-1).
7
Let l(x) = 7*x**3 - 6*x**2 - 4*x + 43. Let b(u) = -13*u**3 + 11*u**2 + 7*u - 85. Let z(q) = -6*b(q) - 11*l(q). List the prime factors of z(0).
37
List the prime factors of 6 + 6/18*-3.
5
Let b = 171 - 101. Suppose 2*d - 7*d = -b. List the prime factors of 6/21 - (-94)/d.
7
Let v(b) be the third derivative of -7*b**6/120 - b**5/30 - b**4/24 + 3*b**2. What are the prime factors of v(-1)?
2, 3
Suppose -15 = -9*d + 4*d. Suppose 3*z + 0*b - 35 = -4*b, -4*z - d*b + 42 = 0. What are the prime factors of z?
3
Let g be (-166)/(-8) + (-1)/(-4). Suppose -4*i + g = 5*n, -2*n + i + 13 = -2*i. Let b = 0 + n. What are the prime factors of b?
5
Suppose 5*k - 2*g - 135 - 135 = 0, 0 = -5*k + 3*g + 270. What are the prime factors of k?
2, 3
Let z = 4 + 69. What are the prime factors of z?
73
Let f = -9 + 13. Suppose 0 = -4*y + f, -4*y + 10 = -4*i + 30. What are the prime factors of i?
2, 3
Suppose 21 = -3*f - 3*v, -f - 4 = -5*v + 3. Let y(j) = -6*j + 6. Let c be y(f). Suppose 2*u = -u + c. List the prime factors of u.
2
Let q(c) = -111*c**3 - c. List the prime factors of q(-1).
2, 7
Suppose 0 = 3*r - 4*r + 4*q + 34, -q = -4*r + 15